3?
41
Calculate the remainder when 322/8 + (0 - (-4)/(-16)) is divided by 22.
18
Let w = 1 + 3. Let l = w - 1. Suppose -l*y + 10 = -8. Calculate the remainder when 16 is divided by y.
4
Let g = 39 - 3. What is the remainder when g is divided by 13?
10
Suppose -2*j - 4*k = j - 109, -2*j + 74 = 2*k. What is the remainder when 116 is divided by j?
38
Suppose 2*r - r + 5*s = 36, -3*r + 120 = 3*s. What is the remainder when r is divided by 11?
8
Let a(z) = z - 4. Let i = 3 + 4. Let l be a(i). Suppose -l*q + 40 - 7 = 0. What is the remainder when 32 is divided by q?
10
Suppose 0 = 3*w - w - 92. Let t(x) = -x**3 + 6*x**2 + x - 4. Let s be t(6). Suppose s*g = -0*g + 24. Calculate the remainder when w is divided by g.
10
Let h = -1 - -7. Let n = h - -4. Let u = 73 - 44. Calculate the remainder when u is divided by n.
9
Let s = -95 + 152. Suppose -6*n + 3*n + s = 0. What is the remainder when n is divided by 7?
5
Suppose 5*l = -295 + 70. Let m = 70 + l. Calculate the remainder when m is divided by 13.
12
Let p(z) = 13*z - 6*z**2 - 3 + 0*z**2 - 10*z**2 + 3*z**2 + z**3. Calculate the remainder when 16 is divided by p(12).
7
Let l be -211*(-1*2 + 1). Let x = -22 + 22. Suppose 5*q - 2*d = l, x*d + 2 = d. What is the remainder when q is divided by 15?
13
Let d(s) = -s**3 + 9*s**2 - 7*s. Suppose 2*b = 1 + 15. What is the remainder when 22 is divided by d(b)?
6
Let f be 25/((-2)/4*1). Let z = -1 - f. Calculate the remainder when z is divided by 17.
15
Suppose -2*u = -6*u - 5*w - 1, 5*w + 4 = -u. Suppose 3*j - 34 = -u. Calculate the remainder when 31 is divided by j.
9
Let z(j) = -10*j + 1. What is the remainder when z(-3) is divided by 8?
7
Let l(o) = -9*o - 38. Calculate the remainder when l(-8) is divided by 10.
4
Let g(u) = 2*u**3 + 4*u**2 + 2*u + 3. Let x be g(-3). Let j(k) = -k**3 + 8*k**2 - 6*k + 16. Calculate the remainder when j(5) is divided by x/4*(-2 + -2).
19
Suppose -o - z = 3*z - 25, 10 = 2*z. Suppose -3*t + f + 3*f + 43 = 0, 0 = o*t + 2*f - 37. What is the remainder when 16 is divided by t?
7
Suppose -5*u = r + 4*r - 30, 0 = -r - 3*u - 2. Let l = -7 + 10. Suppose -p - 8 = -2*q, -q - l*p + 2 = -2. What is the remainder when r is divided by q?
2
Let m be (2/(-4) - 0)*-10. Suppose m*i = -0*i + 60. Let l(a) = -a**2 + 4*a + 142. What is the remainder when l(-8) is divided by i?
10
Suppose 4*h = 0, -5*o + 2*h + h + 90 = 0. What is the remainder when 67 is divided by o?
13
What is the remainder when 93 is divided by (-25 - -1)/((-9)/9)?
21
Let h = -14 - 7. What is the remainder when (-112)/h - 4/(-6) is divided by 4?
2
Let t(z) = z. Let o be t(0). Suppose -a = -3*a, 4*n + 2*a - 52 = o. Calculate the remainder when n is divided by 7.
6
Let y(c) = 7*c**2 + 2*c - 3. What is the remainder when y(3) is divided by 17?
15
Suppose 3 = -6*f + 3*f, 0 = 3*d + 4*f + 22. Let w = d + 9. Suppose -w*q + 32 = -q. Calculate the remainder when 47 is divided by q.
15
Suppose -4*v - 8 = -5*b + 56, 5*b - 80 = 5*v. Let u(z) = -z**3 - z + 8. Calculate the remainder when (-6)/v*10*4 is divided by u(0).
7
Let u(j) = -j**3 - 7*j**2 + 9*j + 23. What is the remainder when 29 is divided by u(-8)?
14
Let f(m) = m**2 - 8*m + 6. Let i be f(9). Suppose -2*r + 29 = -i. Let w = 4 - -60. Calculate the remainder when w is divided by r.
20
Let c = 33 - 23. What is the remainder when 38 is divided by c?
8
Let c = -2 - -15. Suppose 3*p = 4*g - 111 + 334, -5*g + 3*p = 281. Let y = -34 - g. What is the remainder when y is divided by c?
11
Suppose -p + 6 = 2*i, 4*p + 0*p - 2 = 3*i. Let q(n) = n**3 - 6*n**2 + 7*n - 6. What is the remainder when (6/9)/p*45 is divided by q(5)?
3
Suppose 4*w = -0*w + 8. Calculate the remainder when (6/w + 29)/1 is divided by 11.
10
Suppose -291 = -3*s - 819. Suppose 0 = -4*k - 4*a - 8, -3 = k - 3*a - 5. What is the remainder when 16 is divided by k/(-5) + s/(-20)?
7
Suppose 0*f = f - 16. Suppose -2*p - f = 2*p, 2*b - 4*p = 20. What is the remainder when 3 is divided by b?
1
Suppose 2*g = 4*g + 284. Let c = 1 - g. What is the remainder when c is divided by 29?
27
Let s(m) = m**3 + 18*m**2 + 18*m + 24. What is the remainder when 13 is divided by s(-17)?
6
Suppose -15 = 3*q - 6*q. Let u(f) = f**2 - 4*f - 3. Let o be u(q). Let x = o + 13. What is the remainder when 29 is divided by x?
14
Let k(a) = a**3 - 3*a**2 - a - 5. Suppose -4*c = -10 - 2. Calculate the remainder when k(4) is divided by c.
1
Let y(j) = -j**2 + 9*j + 14. Calculate the remainder when y(10) is divided by 1.
0
Suppose 0 = 11*y - 7*y - 332. What is the remainder when y is divided by 29?
25
Let x(p) be the third derivative of 7*p**5/60 + p**4/8 - p**3/3 - 2*p**2. Let q be 1/((-1)/(-3)) + -6. What is the remainder when x(q) is divided by 18?
16
Calculate the remainder when 30 is divided by (4/(-6))/(1/(-24)).
14
Suppose -7*q = -6*q + 64. Suppose -f - 70 = -5*t, 4*t - 2*f = 2*t + 20. Calculate the remainder when t is divided by 2/(-4)*q/4.
7
Let p be 56 + (-3)/(-3)*-1. Let g be 313/3 - 1/3. Let t = g - p. Calculate the remainder when t is divided by 17.
15
Let h = -24 - -34. Suppose -28 = -l - 0*l. What is the remainder when l is divided by h?
8
Suppose 2*j - o = 80, 0*j + 2*o + 37 = j. Let n be -2 - ((-2)/1)/(-2). Let s = 8 - n. What is the remainder when j is divided by s?
8
Let u be 2/(1 + (-13)/14). Suppose 5*f = f + u. Let w(i) = -i**3 - 6*i**2 + 4*i - 1. What is the remainder when w(-7) is divided by f?
6
Suppose 3*m - 6*m + 612 = 0. Suppose -s + 5*s = m. What is the remainder when s is divided by 26?
25
Let v be (-2)/6 + 154/(-6). Let r = 0 - v. What is the remainder when r is divided by 9?
8
Suppose -f = -6 - 2. Calculate the remainder when 23 is divided by f.
7
Let b(s) = -2*s - 2 - 2*s + 9 - 2. Calculate the remainder when b(-9) is divided by 14.
13
Suppose -b + 6 = 1. Suppose -3*l = -6*l - 15, -b*l - 113 = -4*f. Calculate the remainder when f is divided by 8.
6
Suppose 3*n - 5*v - 68 = -10, 0 = -4*n - 5*v + 19. Let b = -1 - -22. Calculate the remainder when b is divided by n.
10
Let u = -61 - -95. What is the remainder when u is divided by 9?
7
Suppose 4*k - 30 + 89 = 3*b, k + 20 = b. Let x = -112 - -55. Calculate the remainder when b is divided by 2/(-5) + x/(-5).
10
Suppose -15 = 5*j + 10. Let k be (2 + 21/(-9))*3. Let r = k - j. What is the remainder when 7 is divided by r?
3
Suppose 0*l + 30 = 3*l. What is the remainder when 29 is divided by l?
9
Let y be (5/4)/((-4)/32). Let q be 12/10*y/2. Let m = q - -7. What is the remainder when 2 is divided by m?
0
Suppose -3*r + r = -56. Calculate the remainder when 80 is divided by r.
24
Let d(v) = 3*v**2 + 44*v - 2. Suppose -380 = -5*f - 65. What is the remainder when f is divided by d(-15)?
11
Let s = -63 + 98. Calculate the remainder when s is divided by 21.
14
Suppose 3*l - 4*l = -27. Calculate the remainder when 53 is divided by l.
26
Suppose -b - 15 = -2*k - 2*k, 0 = 4*b - k - 15. What is the remainder when 13 is divided by b?
3
Suppose 3*s + p = -s + 144, 2*p = s - 27. Let b be -508 - ((2 - 3) + 0). Calculate the remainder when s is divided by b/(-27) + (-4)/(-18).
16
Let n be (0/(-1))/4 + 2. Suppose d = n*d - 10. Calculate the remainder when 37 is divided by d.
7
Let f = 454 + -249. Calculate the remainder when 43 is divided by f/9 + (-6)/(-27).
20
Suppose 9*p = 11*p - 86. What is the remainder when p is divided by 5?
3
Let v(w) = -w**3 - 7*w**2 - 8*w - 16. Let s(k) = -k + 8. Calculate the remainder when v(-7) is divided by s(-6).
12
Let x(i) = -i**3 - 6*i**2 - 9*i - 12. Calculate the remainder when 14 is divided by x(-5).
6
Let b(x) be the second derivative of 0 + 5/2*x**2 - 1/2*x**3 - x. What is the remainder when b(-5) is divided by 11?
9
Let s(b) = 25*b**2 + 2*b - 1. Let u(l) be the second derivative of -l**3/6 + 4*l**2 + 4*l. Calculate the remainder when s(1) is divided by u(-6).
12
Suppose 0 = v - 0*v + i - 4, 31 = 4*v - i. Let r be (8/6)/((-24)/(-36)). Suppose r - 3 = -s - 3*w, -5 = -s + w. What is the remainder when v is divided by s?
3
Let z = 0 - -30. Suppose -4*j = -3*j - z. Let b(w) = w**3 - 8*w**2 + 8*w + 9. What is the remainder when j is divided by b(7)?
14
Let t = 4 - -21. Calculate the remainder when t is divided by 9.
7
What is the remainder when 45 + -5 + 4 + -2 is divided by 11?
9
Let m(v) = -v**2 - 4*v + 2. Let c(j) 